61
What is the value of (921 - 922) + 35 + 32?
66
Calculate 4 + 16 + 2 + -30 - -3.
-5
What is (139 + -174 - -126) + 29?
120
Evaluate (167 - 163 - (-3 - 0 - 7)) + 3.
17
What is the value of -19 + -4 + 13 + (-3 - -19 - -39)?
45
(-53 - (-1 + -14 + 8)) + (15 - 31)
-62
(36 - (-47 - -30) - 17) + (-2 - -1)
35
What is -1 + -29 - -9 - (30 + -25 - (0 - -3))?
-23
Evaluate 45 + 397 + -361 + 0 + -22.
59
What is -76 - ((-14 - 0) + (-234 - -259))?
-87
Calculate -20 - (-12 - (17 - (-1 - 6 - -8))).
8
Evaluate -4 - ((-25 - -16 - 4) + 34).
-25
-37 + (66 - -84) + -92
21
Evaluate 13 + -2 + 1724 + -1702.
33
Calculate 4 - (-3 + 1 + (1 - -53) + 0 - -6).
-54
Evaluate 5 + 8 + -5 + 13 + 0.
21
Calculate 0 - (43 - 0) - (-30 + -109 - -127).
-31
What is the value of 42 + (43 - 45) - -3?
43
What is -6 + -21 + -20 + 65 - -112?
130
-1 - -3 - 9 - (12 + 1 + -41 - -34)
-13
Evaluate -2861 + 2730 + 0 + 0 + 6.
-125
Evaluate -1 - ((-1 - -6) + 3 + 9 + -21).
3
What is the value of 54 + -71 + 132 + -4?
111
Calculate 35 + -14 + -22 + 24.
23
What is (-1 - 0 - (-2 - -26)) + (-36 - (24 + -69))?
-16
13 - (-25 - -15 - -60)
-37
What is 37 - (-101 + (172 - 132))?
98
What is the value of 3 + -1 + 5 - (-7 - -26 - -96)?
-108
What is (7 + 60 - (-3 - -11)) + (24 - 47)?
36
What is the value of -4620 - -4677 - (8 - 1)?
50
What is the value of 125 + (-3 + -35 - 51)?
36
(-12 - -30) + (-67 - -40) + 33
24
What is the value of -53 - (-35 - (7 - 52 - -34))?
-29
What is the value of 82 + (215 - 250) + -22 + 0?
25
Evaluate 83 + (-33 - ((37 - (40 + -24)) + -47)).
76
What is 108 - (-27 - -34 - (-3 + -18))?
80
What is the value of -6 + -148 - -150 - (23 + -1)?
-26
-38 + (143 + -231 - 17)
-143
Evaluate 8 - -1 - (14 + (-86 - -90)) - (87 - 1).
-95
Evaluate -50 + 25 + (-72 - -62).
-35
-42 - (-94 + 27 + 53)
-28
10 + -48 + 44 + -1 + -45
-40
Calculate (-12 - 1) + -3 + (309 - 212) - (-11 + 3).
89
Calculate 5 + 13 + (-76 + 40 - -14).
-4
Calculate (2 - 103) + -1581 + 1543.
-139
Calculate -5 + (34 - 37 - (8 - (17 - 6))).
-5
Calculate (-6 - 0) + (-131 + 56 - -96).
15
Evaluate 111 - (-44 - -15 - -73).
67
What is the value of (-57 + 19 - -48) + -1 + 4 + -6 + -121?
-114
What is 98 + -72 + (63 - 20) + -14?
55
What is -3 - 1 - (3 - (-20 + 10 + 8)) - -37?
28
-218 + 144 + 65 + 16
7
Evaluate -39 + 65 - (-1 + 3) - (15 - (1 + 11)).
21
89 - (-28 - -78 - 1)
40
Calculate 52 - (218 - (121 - 32)).
-77
What is 1 + 2 + (5 - (51 + -14 - 13) - -92)?
76
Evaluate 70 - (199 + -95) - (-3 + 1 + (-1 - -3)).
-34
Evaluate 2 - (-13 - -7) - 5 - (-1 - -9).
-5
What is the value of 16 + (-1 - 14) - (-23 - (35 - -20))?
79
Evaluate -11 + -157 - (-565 - -469).
-72
(16 - 5) + 3 + (-3 - 4) - (68 - 35)
-26
Evaluate (6 - 18) + 10 - ((-8 - -1) + 8 + 107).
-110
Evaluate 1 + 0 - (235 - 243 - (-10 + 3 - -68)).
70
What is the value of 52 - (-63 - (-56 + -72))?
-13
Evaluate -21 - (-29 - (-1 + -15) - (-27 - -2)).
-33
Calculate 2 - 5 - (12 + (-16 - (-16 - (-3 + -29)))).
17
What is (30 - 7) + (-27 - 15) + 64?
45
7 + -2 + (-1 - 42)
-38
What is 14 - (-23 - (17 + 1 + -29))?
26
What is (-33 - -35) + -45 - -43?
0
What is the value of -119 + (16 + 1 - (-29 + 4 + 18))?
-95
-119 + 134 + -44 - 15
-44
What is the value of (-21 + -13 + 20 - -21) + -72 + 0?
-65
What is the value of -7 - -1 - (26 + -64 + 11 + 11 + -1)?
11
What is 269 + -267 + ((-51 - -3) + -3 - 3) + 3?
-49
Calculate ((-34 - -65) + -17 - 30) + 34.
18
Evaluate 4 + (-11 - -6) + -6 + (0 - -2).
-5
(-432 - -431) + -1 + -22 + 3
-21
4 + 10 + (-10 - 8) + 18 + 17
31
63 - (111 - 42) - (38 + 2 + -4)
-42
Calculate (-1 - 2) + (-106 - -21 - -9 - -22).
-57
What is the value of -6 - (-9 - -5 - (9 - 20))?
-13
Calculate -2 - 39 - (772 + -862).
49
Evaluate -59 + -58 + 124 + -8.
-1
What is the value of 1 + 55 - (1110 - 1034)?
-20
What is the value of 40 + 1 + -34 + (-197 - -160)?
-30
Evaluate -46 - (-9 - 0 - 3).
-34
Evaluate 33 + (1 - 2 - -28) + -37.
23
Calculate 17 + -1 - (-8 + 6 + -9 + 12).
15
Calculate 17 - ((-5 - -1) + (-15 - -6) + 6).
24
What is 26 + (17 - -18 - (-5 + 5))?
61
What is (34 - 0) + (-38 - (-57 - -19))?
34
-62 - -4 - (-8 + (-7 - 12 - -13))
-44
0 + 24 + (27 - 8)
43
What is 0 + -2 + (-15 - -50 - 22 - 65)?
-54
Calculate -12 - 81 - (-517 - -453).
-29
Evaluate 19 + -67 - (-13 + -40).
5
What is 31 - (12 + 1 - (94 + -37))?
75
-164 - (99 + (-130 - 83))
-50
Evaluate 5 + (8 - (39 + -2 + -10 + -3) - -6).
-5
Calculate -359 + 300 - (-27 - 1) - 31.
-62
What is the value of (72 - -1) + (1067 - 1080)?
60
-46 - 0 - (1 + -8 + 37 + 22 + -45)
-53
Calculate -17 + -2 - (-47 + (-37 - 7)) - 23.
49
-15 + (21 - 15) + (-21 - (4 + -4))
-30
What is the value of -18 + (17 - (0 + -6) - -13)?
18
Calculate -3 - (-43 + -2 + -1 - (20 - 29) - -4).
30
What is the value of 3 + -2 - -8 - (-7 + 39 - (-38 - -64))?
3
Evaluate (5 - (-50 - (-15 - -22))) + 20 + -18.
64
(17 + -20 - (-4 + 1)) + (2 - -2) + 49
53
What is -20 + -15 + 35 + 10 + -32?
-22
What is -40 - -40 - (-13 + 17 + -8 + 1) - -62?
65
What is the value of (-81 - -91) + (3 - (1 + 4 + -4 + 29))?
-17
Evaluate 10 + -11 - (-153 + 167).
-15
-1 + (-4 - -3) - (8 - (-23 + -28))
-61
What is the value of 21 + (0 + 22 - (520 - 521))?
44
Calculate 36 - ((1 - 2) + (-12 - (26 + (6 - 30)))).
51
What is the value of 15 - (-1 - (14 + -2 + -15 + -76))?
-63
-26 - (19 + -75 + 41)
-11
Calculate -87 + 99 - (5 - -24) - -36.
19
Calculate (1 + 75 - ((-31 - -22 - -18) + 0)) + -7.
60
What is -572 + 552 + (4 - 3 - -2)?
-17
What is the value of 15 - 23 - (1 + 1 + 2) - -34?
22
Calculate -9 + (25 - 17 - 19 - 17).
-37
Calculate -1 + 8 - (100 - 91 - (20 + 1)).
19
What is the value of 20 + -32 - ((12 - 37 - -9) + -43)?
47
What is (-79 - -84 - (14 - 1)) + -5 + (-1 - -10)?
-4
Evaluate (6 + -8 - -11) + (10 + 9 - 15 - 45).
-32
-23 + 9 + (25 - (2 - -5)) + -34
-30
Calculate (-25 - (-98 + 80)) + (25 - 0).
18
Evaluate -39 - (-45 - (26 + -3)).
29
What is -13 + -8 + -3 + (-105 - -143)?
14
Evaluate -52 + 33 + 102 + -57.
26
Calculate (-39 - 15 - -20) + 45 - (-1 - -5).
7
Calculate 16 + (-2 + -9 + 21 + -3 - 10).
13
What is the value of (17 - -10) + 2 + 17 + -8?
38
127 + -143 + 37 - 96
-75
What is 39 + (12 - (-20 - -22) - 16) - (17 - 5)?
21
What is the value of 2 + 2 + 11 + (36 - (59 - -5)) + 11?
-2
Evaluate 0 + (1 - -1) - (-83 + -17 + 209).
-107
What is the value of (10 - 132 - -15) + (-21 + 16 - (8 - -1))?
-121
What is the value of 154 + -49 - 95 - 143?
-133
Evaluate 11 + 67 - (72 - 14).
20
-53 - -3 - (91 + -26)
-115
What is (121 - (6 + -37 + 13)) + (-21 - -7)?
125
Evaluate 6 + (81 - (-24 - -43)) + -5.
63
What is (96 - 19) + 0 + -10 + -20 + 9?
56
What is the value of -74 - (-20 + 33 - (0 + 15)) - -13?
-59
Evaluate 12 + -20 + -73 - (10 + -10 + (2 - 11)).
-72
Calculate -2 + (-5 + (12 - -5) - (-22 + 2)).
30
What is 2 - (15 + (5 - 23) + 4 - -88)?
-87
(-7 - (1 + 10)) + -28 + 39
-7
Calculate 38 + -18 + 14 + (-16 - 5).
13
What is the value of (144 - 134) + -1 + -22 + 2?
-11
What is the value of -5 + (-14 - -18 - (59 + -122))?
62
What is the value of (-18 - (43 + -44 + -8)) + -77?
-86
Evaluate 12 + (-20 - (3 - (-5 + -98 - -7))).
-107
What is 11 - (-8 + (2 - (-15 - (5 + -20))) - 7)?
24
What is the value of (-2 - 3) + (-17 - -42 - 19)?
1
Calculate (-38 - 0) + (26 - 5) + -126.
-143
82 + 2 - (-2307 - -2413)
-22
Evaluate -21 - 0 - (-829 + 946).
-138
(-2 + 5 - (2 - 85)) + -946 + 949
89
What is the value of (-2 - 4) + 3 - (-4562 + 4555)?
4
What is the value of -1 + (24 - 4) + -1184 + 1206?
41
What is (-9 - 2) + (2 - ((-15 - 2) + 39))?
-31
-19 + 1 + -1 - (-34 - (-143 + 101))
-27
What is -21 + (121 - 54) + -31?
15
-56 + -3 - ((-2 - 6) + (7 - (19 - 16)))
-55
What is the value of (72 - 35) + -1 + -4 + (14 - (-2 + 6))?
42
What is the value of (16 - 0) + (15 - (68 - 53))?
16
Calculate 72 + (-1 - 1) + 923 + -943.
50
Evaluate -1 + -18 + (-29 - -13) + 19 + -6 + -5.
-27
What is 25 - 63 - -50 - -5?
17
-2 - -71 - (-3640 + 3656)
53
Evaluate 23 + -46 - (8 - 40 - -13).
-4
What is the value of (4 + -20 - -55) + 6?
45
Calculate ((-95 - -94) + 0 + -1 - -50) + -8.
40
Evaluate (-36 - -1) + (-1928 - -1969).
6
6 + -13 + (28 + -1 - -14)
34
What is the value of -30 + -11 + 31 + (1 - 23)?
-32
Calculate 29 + -36 + 50 + 0.
43
0 + 19 + (17 - -17 - (51 - 10))
12
Evaluate (0 - (9 - 62)) + 5.
58
Calculate -47 - (56 - 59) - (3 + (-2 - (-3 + 0))).
-48
Evaluate 68247 + -68160 - (-1 + -6 - (-3 